ose a*p + 846 = 2358. Suppose 10 = -5*c, -4*q + c - 32 = -p. What is the tens digit of q?
8
What is the units digit of 21/140 - 4050956/(-560)?
4
Let u(v) = v - 5. Let r be u(5). Let j(a) = -13*a + 71. Let t(s) = 18*s - 107. Let z(p) = -7*j(p) - 5*t(p). What is the tens digit of z(r)?
3
Let g(c) = 2*c - 18. Let z be g(6). Let s be (67 - z)*((-2 - -1) + 0). Let q = -42 - s. What is the units digit of q?
1
Let j = 252 + 728. What is the hundreds digit of j?
9
Suppose -4*x - 67494 = -206042. What is the tens digit of x?
3
Suppose -6 = 3*f - 5*n + 5, -12 = -3*n. Suppose -9*h = -4*h - 485. Suppose -3*b = -2*r - 0*b + h, -5*r + f*b + 265 = 0. What is the tens digit of r?
5
Let v(z) = -16*z - 57. Let y be v(-4). What is the units digit of 0/(-1) + y + 1636?
3
Let o be ((-2 - -3) + 3)/(-2) + 6. Suppose 4*s = -2*b - s - 17, o*s = -5*b. Suppose -5*l + 13 = 3*m, 0*l = -3*m - b*l + 14. What is the units digit of m?
6
Let h = 17717 - 7229. What is the hundreds digit of h?
4
Let q(o) = 12*o**2 + 2*o + 2*o - 9 - o**3 - 2*o**2. Let h be q(10). Let b = h - 24. What is the units digit of b?
7
Let d(u) be the third derivative of -449*u**4/24 + 25*u**3/6 + u**2 - 1. What is the hundreds digit of d(-3)?
3
Let b be (-4)/40*4 - (-77)/5. What is the tens digit of (-4)/((-20)/b) + 768/3?
5
Let f be (-3)/(-9) + 1216/(-3). Let n = -247 - f. Suppose -n = 22*j - 24*j. What is the units digit of j?
9
Suppose 8*s - 10*s = -112. Suppose -24*j = -20*j - s. What is the tens digit of j?
1
Let m(c) = -326*c - 18373. What is the tens digit of m(-177)?
2
Suppose 2*k - 2 = -4*s, -s + 0*k + 3*k + 11 = 0. Let l(j) = -462*j + 17. Let p(h) = -711*h + 25. Let x(c) = -8*l(c) + 5*p(c). What is the units digit of x(s)?
1
Suppose 4*p - 2248 = 856. Suppose 3968 = 8*m + p. What is the hundreds digit of m?
3
Let n = 29593 - -14086. What is the thousands digit of n?
3
Let j(y) = y**2 - 6*y + 11. Let i be j(5). What is the hundreds digit of (i + -7 + 33)*87/12?
2
Let j = -243 + 12640. What is the tens digit of j?
9
Let q(d) = -3*d**3 - 86*d**2 - 1334*d + 15. What is the units digit of q(-29)?
2
Suppose 0 = 3*p + 4*q, -7*p = -5*p - 2*q - 14. Suppose l - 2 = p*u - 13, 2*l = 3*u - 12. What is the units digit of (2 + (-22)/(-3))/(u/42)?
6
Suppose 6 = -j + 3, -j + 82 = 5*r. Let b be 15200/r - (70/(-85))/(-7). Suppose -4*m - 651 = l - 1818, b = 3*m - 3*l. What is the tens digit of m?
9
Let x(d) = 1920*d + 16 - 2 + 1928*d - 3850*d. Let z = 10 + -23. What is the units digit of x(z)?
0
Let j be (-20)/(2 - 6) + -47. What is the units digit of ((-2264)/14)/(-9 + (-366)/j)?
6
Suppose -3*j + 266335 = 5*z, -4*z + 37*j - 42*j + 213081 = 0. What is the tens digit of z?
6
Let t be (3 - -12) + (-9)/3. What is the units digit of (-275)/(-4) - t/(-48)?
9
What is the thousands digit of 31614959/547 + 2*-5?
7
Suppose -25*d + 86006 = 28*d - 368257. What is the thousands digit of d?
8
Let f(x) = x**3 - 3*x**2 + 4*x + 10. Let k be f(4). Suppose k*d = -6*d + 39696. What is the units digit of d?
7
Let o(p) be the second derivative of -22*p**3/3 - 8*p**2 + p. Let z(y) = 15*y + 56. Let c be z(-4). What is the hundreds digit of o(c)?
1
Let d = -688 + -26. Let p be (-2)/9 - d/(-189). What is the hundreds digit of (-1258)/(-9) + (-2)/36*p?
1
Suppose 54836 = 6*m + 5060. Suppose -m = 71*d - 79*d. What is the units digit of d?
7
Suppose 306655 = 5*g + 20*u - 15*u, g - 4*u = 61321. What is the thousands digit of g?
1
Let b(p) = 28*p**2 + 23*p + 170. What is the ten thousands digit of b(-28)?
2
Let m(u) = -u + 17. Suppose -8 = 4*h, 2*h = -0*y + y - 6. Suppose -y*z - 11 = 3*x, -2*z + 0*x = 5*x + 13. What is the tens digit of m(z)?
2
Let f be ((-353)/3)/((-32)/24 - -1). Suppose 6*p + f = 1967. What is the tens digit of p?
6
Suppose d + 0 + 5 = 0, 0 = n + d. Suppose -4*v + c - 306 = -1449, 2*v = -n*c + 599. What is the hundreds digit of v?
2
Suppose 363*h - 8867325 = 226*h. What is the ten thousands digit of h?
6
Suppose 4*r - 3*u - 31 = 25, 0 = 2*r - u - 28. Suppose -r*h - 3 = -17*h. What is the units digit of ((-435)/(-30))/(h/10)?
5
What is the ten thousands digit of 7/(70/158514) + (-30)/(-50)?
1
Let t = -574 - -289. Let v = t + 593. What is the hundreds digit of v?
3
Suppose 4*b = -35*m + 40*m + 3091, -1235 = 2*m - 3*b. Let x = 1277 + m. What is the tens digit of x?
5
Let u(v) = 170*v**3 + 2*v**2 + v + 1. Let n be u(2). Suppose 813 = 3*k - 2*b, 5*k - b - n = -3*b. What is the hundreds digit of k?
2
What is the tens digit of ((-5586)/(-9))/(1372/114 + -12)?
8
Suppose 20*v - 32485 = 15415. Suppose -4*l + 6*l = 5*g + 993, 5*l = -5*g + v. What is the tens digit of l?
8
Suppose 15*o + 836 = 14*o. Let k = -530 - o. What is the tens digit of k?
0
Suppose -17495 + 59561 = 9*v. Suppose 702*q = 705*q - v. What is the tens digit of q?
5
Suppose -9*h = -7*h - 2. Let s be ((-16)/(-28))/(((-2)/(-7))/h). Suppose -s*n + 9*y + 244 = 5*y, n = 4*y + 112. What is the tens digit of n?
3
Let c be -3*((-30)/9)/(-5). Let r(y) = 5*y**2 - y + 1. Let v be r(c). Suppose -120 = -d - v. What is the units digit of d?
7
Let i be (-4)/(-6)*(10 - 4). Suppose 5*w - i*l = 2245, -w + 0*l + 440 = l. What is the units digit of w?
5
Let i be ((-114)/(-171))/(2/(-3)). What is the tens digit of 1/(-3)*627/i?
0
Suppose -12*m + 8*m - 24 = 0. What is the hundreds digit of (-256)/12*3*m?
3
Suppose -2692 = -o - v, v + 0 = -4. Suppose 3*u + 4*m - o = -u, -5*u - 4*m + 3372 = 0. What is the units digit of u?
6
Suppose j + i = 839, 2*j + 0*j = -3*i + 1676. Suppose -3*l - 2*l - 2*m = -j, -3*l + 509 = -m. What is the units digit of l?
9
Suppose -p = -5*i + 87365 + 22123, 4*i = p + 87591. What is the ten thousands digit of i?
2
Let q be 1287/(-45) + (-2)/5 - 3. Let h be q/8 + (1 - -9). Suppose -59*l + 56*l = -h. What is the units digit of l?
2
Let t(k) = 2*k**2 - 10*k + 3. Let h(s) = s**3 - 14*s**2 + 14*s - 8. Suppose 5*m - 14 - 51 = 0. Let x be h(m). What is the units digit of t(x)?
3
Let h = -82 + 102. Suppose 9*u = h*u - 13266. What is the thousands digit of u?
1
Let s be (1/1)/((-2)/(-10)). Suppose 59*w - 1736 = 1214. Suppose -p - 465 = -4*k, 5*p + w - 625 = -s*k. What is the hundreds digit of k?
1
Suppose -22*i + 741 = 3*r - 19*i, -736 = -3*r - 4*i. Suppose -z + 655 = 2*l - r, 5*l = -5*z + 4520. What is the tens digit of z?
0
Suppose 2*p - 32 + 54 = 0. Let o be -4 + (-5 - p) + 12. Suppose o*i - 8*i - 930 = 0. What is the hundreds digit of i?
1
Let p(d) = -75*d + 25. Suppose 10*k = 15*k + 15. Let q be p(k). What is the units digit of (0 - 6/2) + 3 + q?
0
Suppose 3*g - 6 = 0, -a - 2*a + 4*g = -38392. What is the hundreds digit of a?
8
Suppose 5*m - 13 = -2*k, -5*m - 5*k + 25 = -0*k. Suppose -7*x + 22 = m. Suppose 83 = x*b + 2*z, -2*b - 2*z - 72 = -4*b. What is the tens digit of b?
3
Suppose 0 = -4*t - 4*z + 16587 + 985, 17572 = 4*t - 4*z. What is the units digit of t?
3
Suppose 72008 = -19*a + 119829 + 83355. What is the hundreds digit of a?
9
Let o(y) = 154*y**2 + 432*y + 28. What is the hundreds digit of o(-9)?
6
Let g(r) be the first derivative of 4*r**3/3 - 5*r**2/2 - 3*r - 27. Let i = -4 - 0. What is the units digit of g(i)?
1
Suppose 0 = -4*k - 5*t + 56793, 32*t + 28407 = 2*k + 31*t. What is the thousands digit of k?
4
Let l(i) = i**2 + 30*i - 64. Let f be l(-32). Suppose -7*q + 4*q + 881 = 4*m, 4*q + 4*m - 1172 = f. What is the units digit of q?
1
Suppose -3*b + 29300 = 2*d, 6658 = 4*d + 5*b - 51940. What is the hundreds digit of d?
6
Let a(l) = -l. Let w(t) = -46*t - 1. Let h(k) = 5*a(k) + w(k). What is the hundreds digit of h(-5)?
2
Let l = 118 - 170. Let w = 56 + l. Suppose 0 = -w*c - 2*y + 206, 5*y + 46 = 4*c - 3*c. What is the tens digit of c?
5
Let j be 130 - 131 - (1 - (-14)/(-2)). Suppose h = j*p + 2727 - 8727, 4*p - h - 4799 = 0. What is the tens digit of p?
0
Let l = 55801 + -32855. What is the thousands digit of l?
2
Let h = -33753 + 59320. What is the units digit of h?
7
Let q(c) = -c**3 - 7*c**2 + 7*c - 5. Let y be q(-8). Suppose -39 = x + 4*m - 197, 3 = y*m. Suppose -3*v + x + 239 = 0. What is the hundreds digit of v?
1
Suppose 0 = -5*a + 3*d + d + 13, 0 = -4*a - 2*d + 26. Suppose -4*g - 90 = -a*h, -7*h + 42 = -6*h + 4*g. What is the tens digit of h?
2
Let t(q) = -q**3 - 26*q**2 + 25*q - 40. Let w = 333 - 361. What is the tens digit of t(w)?
2
Suppose -4